n divisor of 70 and q.
14
Suppose 4*w + 0*w = 488. Let z = w + -114. Calculate the highest common factor of z and 28.
4
Let j = 1233 + -720. What is the highest common factor of j and 27?
27
Let o = -207 - -228. What is the highest common factor of o and 6?
3
Suppose -161*u = -164*u + 9. Suppose -n = -84 + 15. What is the greatest common factor of n and u?
3
Let p = 1064 + -490. What is the greatest common divisor of 14 and p?
14
Let s(o) = -o + 4. Let t be s(2). Suppose -m - 3*r + 0*r = 3, 6 = -t*m + r. Let y = 4 + m. What is the greatest common factor of 11 and y?
1
Suppose -2*l + 317 + 7 = 0. What is the highest common divisor of l and 18?
18
Let i(a) = 5*a - 8. Let h be i(10). Let z = h + -27. Calculate the highest common factor of z and 135.
15
Let d = 130 + -48. Let m = 145 - d. Calculate the highest common divisor of 9 and m.
9
Let r(o) be the first derivative of 4*o - 13*o**2 + 2 - 4*o + 6*o**2 - 3*o. Let d be r(-1). What is the highest common factor of 44 and d?
11
Let q = -1273 + 1301. Let u = 1 - -3. Calculate the highest common factor of u and q.
4
Let y be 4/30 + 105944/1020. Calculate the highest common factor of 234 and y.
26
Let v be (0 - 1)/(3/(-141)). Let q = v + -30. Calculate the greatest common factor of 85 and q.
17
Let l = 35 + -26. Let a = 4 + -6. Let r be a/(-4)*(-54)/(-1). Calculate the highest common factor of l and r.
9
Let j = 73 - -131. What is the greatest common factor of j and 36?
12
Suppose -4 = -3*w - 10, 2*w = -3*v - 16. Let s(h) = h**3 + 6*h**2 + 7*h + 10. Let z be s(v). What is the highest common factor of z and 126?
14
Let u(l) = l**3 - 19*l**2 + 98*l - 4. Let i be u(5). Calculate the highest common divisor of i and 34.
34
Let w = -48 + 46. Let d be (-334)/(-3) - w/3. What is the highest common divisor of 14 and d?
14
Suppose 3*d + 34 = l, -4*d - 17 = -2*l + 27. Let w = 76 + d. Suppose -134 = -g + 26. What is the highest common divisor of g and w?
32
Let g(m) = 13*m - 16. Let a = 4 - -1. Let b(n) = -9*n + 11. Let d(j) = a*g(j) + 7*b(j). Let w be d(4). Calculate the highest common factor of w and 5.
5
Let a be (-270)/(-81) - (-2)/(-6). Suppose -5*u + 117 = 3*n, 0 = 5*u - 2*u + a*n - 69. What is the highest common divisor of u and 30?
6
Let p be (15/(-2))/(13 - (-216)/(-16)). Let f = -79 - -139. Calculate the highest common factor of p and f.
15
Let s be -10 + 2892/39 + 4/(-26). What is the highest common divisor of 4 and s?
4
Let h = -34 - -61. Let r be 9/(h/156) + 3. Calculate the greatest common divisor of r and 22.
11
Suppose n = 2*n - 389. Suppose -n = -3*m + h - 37, -5*m + 3*h + 588 = 0. What is the greatest common divisor of 13 and m?
13
Suppose -c = -0*c - 3. Let u(p) = -6*p - p + p**c - 6*p**2 - 7 + 0*p + 5*p. Let q be u(7). What is the highest common factor of 42 and q?
14
Suppose 5*i - 3*n = 932, -5*n - 148 - 56 = -i. What is the greatest common divisor of i and 874?
46
Suppose b - 2 = 36. Let s(l) = 12*l - l**2 + 4*l - 2*l + 11 + 5*l. Let a be s(12). Calculate the greatest common factor of a and b.
19
Suppose -2*m - 1152 = -2*s + 2*m, -3*s - 5*m + 1706 = 0. Calculate the highest common divisor of s and 154.
22
Suppose 2*a + a - 15 = 0. Suppose 3*v - a = 31. Suppose 3*l - 108 = 72. Calculate the highest common divisor of l and v.
12
Let v be -124*2*9/(-72). Calculate the greatest common factor of v and 279.
31
Suppose 8*b - 7*b - 2 = 0. Suppose -b*y = 4*z - 364, -y + 262 = 3*z - 5*y. Calculate the greatest common factor of 10 and z.
10
Let a be -1*6/(-9)*6. Suppose -5*v + 5*k + 14 = a, 0 = 5*v - 3*k - 16. Let u be (v/10)/(2/60). Calculate the highest common factor of 135 and u.
15
Let v be -9 + 6 - (-39)/(-3). Let t = 124 - v. Suppose -4 = -2*a, 4*s + 0*s - 5*a = 102. What is the highest common divisor of s and t?
28
Let u = -4 + 4. Suppose u = -8*h - h + 180. What is the highest common divisor of h and 5?
5
Suppose 3*o = -0*g + 4*g - 607, -g + 153 = -2*o. Suppose 5*h = 5*w + 815, 0*w - 3*w = h - g. Calculate the highest common factor of h and 64.
32
Suppose 11*f - 15*f = 2*r - 412, 4*f - 3*r - 432 = 0. What is the greatest common divisor of 195 and f?
15
Let n = -60 + 58. Let b = -1 - n. Calculate the greatest common factor of 7 and b.
1
Suppose -3*p = a + 21, -5*a - 41 = -4*a - p. Let z be ((-9)/a)/(1/4) + 15. Let v be (-6)/(-4) + 2/4. What is the greatest common factor of v and z?
2
Let c(y) = 2*y**2 + 37*y - 53. Let g be c(-21). Calculate the highest common divisor of g and 76.
4
Suppose 3*y - 5*t - 489 = 0, 11*y - 12*y + 162 = -2*t. What is the greatest common factor of 210 and y?
42
Let u(o) = 48*o**2 + 4*o - 4. Let k be u(3). Suppose -k = -5*t + 330. Let h = 17 + -3. Calculate the highest common divisor of h and t.
14
Suppose -3*m + 4*z = 19, -2*m - 5*z + 4 + 14 = 0. Let s = 2 + m. Suppose 3*f = n + 14, -3*n - 4*f = -4*n - 19. What is the greatest common divisor of n and s?
1
Suppose 44 = -2*d + 10. Let w = d - -14. Let o(h) = -2*h**3 - 3*h**2 + 5*h + 4. Let l be o(w). Calculate the highest common divisor of 16 and l.
16
Let f = 935 - 884. Calculate the greatest common factor of f and 816.
51
Let x(j) = -4*j**3 - 4*j**2 - 5. Let n be x(-4). Let c = -38 - -55. Calculate the greatest common factor of n and c.
17
Let d(v) = -v + 2. Let a be d(2). Suppose a = -0*p + p. Suppose p*u = -7*u + 28. What is the highest common factor of u and 28?
4
Suppose 2*h = -k - 2 + 1, 2*h + 5*k = 3. Let s(j) = -284*j + 3. Let m be s(h). Suppose 8*y - 97 = m. Calculate the highest common divisor of y and 32.
16
Let t be 1/(2*6/1140). What is the greatest common divisor of t and 855?
95
Let b(v) = -v. Let p(y) = -4*y + 15. Let t(x) = -5*b(x) + p(x). Let d be t(-11). Let k be (-1)/d - 5555/(-44). Calculate the highest common divisor of k and 18.
18
Let o(x) be the second derivative of x**4/6 - 3*x**3/2 - 11*x**2/2 + 2*x - 27. Let h be o(8). What is the greatest common divisor of 5 and h?
5
Let w be 20/(-8)*((-2)/(-5) - 2). Suppose -2*p + 2*a + 142 = -42, 0 = -w*p - 2*a + 392. What is the greatest common factor of p and 48?
48
Suppose -3*x - 187 = -2*p, p - 50 = -4*x + 49. Let l = 102 - 29. Let r = 92 - l. What is the highest common factor of p and r?
19
Suppose 37*n - 924 = 9*n. What is the highest common factor of 11 and n?
11
Let k be 10/(-25) - 1352/(-5). Let w(g) = g**3 + 34*g**2 - 75*g. Let u be w(-36). Calculate the greatest common divisor of u and k.
54
Let f(s) = 3*s - 12. Let x be f(8). Let z be ((-1)/3)/(3/(-513)). Let b = 93 - z. Calculate the greatest common divisor of x and b.
12
Suppose -g = 3*y + 1, -g - g = -5*y - 9. Suppose -f - g*f = 0. Suppose m + f*m + 4 = 0, -4*j - 4*m = -32. Calculate the highest common divisor of 60 and j.
12
Let p = 64 - 45. Calculate the highest common factor of 513 and p.
19
Suppose -153 = -6*b - 21. Calculate the highest common divisor of b and 22.
22
Let a(r) = -41*r**3 + 2*r**2 - 22*r - 23. Let j be a(-3). What is the greatest common factor of 16 and j?
16
Suppose -9*m + 6*m = -4*s - 72, 2*m - 31 = -3*s. Let y = 141 + 41. Let o be (-8)/m - y/(-5). Calculate the highest common divisor of 9 and o.
9
Let z(k) = k**2 - 5*k + 1. Let a be 76/28 + 4/14. Let x be -2 + 4*a/(-2). Let v be z(x). What is the highest common divisor of 15 and v?
15
Let k = -240 + 411. Suppose -g - 4*g = -2*j + 94, 5*j = -4*g - 95. Let s be (152/g)/(4/(-10)). Calculate the greatest common divisor of s and k.
19
Let x = 6 + 6. Suppose 3*j = 4*j + 28. Let t = 52 + j. What is the highest common divisor of t and x?
12
Let r = 110 - 115. Let q = 11 + r. Calculate the greatest common divisor of 3 and q.
3
Suppose -17*m + 20*m - 47 = -h, -3*h + 5*m = -85. What is the highest common factor of h and 805?
35
Let j(w) = -14*w**2 + 113*w + 1. Let o be j(8). Suppose 0*t + 9 = t. What is the highest common factor of o and t?
9
Suppose 2*r + 19 = 45. Calculate the highest common divisor of r and 208.
13
Let j be (6 - -1)/(((-1)/15)/(-1)). What is the greatest common factor of j and 150?
15
Suppose 5*p + 5 = 0, 0 = w + 4*w - 5*p - 15. Suppose -4*l + 2*q - 6 = -2, -w*l + 4*q - 8 = 0. Let f = l + 15. Calculate the highest common factor of 10 and f.
5
Let o be (21*18/4)/(9/48). Calculate the greatest common factor of 9 and o.
9
Let k = 455 - -1868. Calculate the highest common divisor of 23 and k.
23
Let l be 1 + 